{"version":"1.0","provider_name":"Nadine Imboden","provider_url":"https:\/\/nadine-imboden.ch\/en\/","author_name":"nadine_admin","author_url":"https:\/\/nadine-imboden.ch\/en\/author\/nadine_admin\/","title":"\"MEDIENSTAR\" AWARD 2016 - Nadine Imboden","type":"rich","width":600,"height":338,"html":"<blockquote class=\"wp-embedded-content\" data-secret=\"RLOIAhaTQe\"><a href=\"https:\/\/nadine-imboden.ch\/en\/medien-nacht-2016\/\">&#8220;MEDIENSTAR&#8221; AWARD 2016<\/a><\/blockquote><iframe sandbox=\"allow-scripts\" security=\"restricted\" src=\"https:\/\/nadine-imboden.ch\/en\/medien-nacht-2016\/embed\/#?secret=RLOIAhaTQe\" width=\"600\" height=\"338\" title=\"&#8220;&#8220;MEDIENSTAR&#8221; AWARD 2016&#8221; &#8212; Nadine Imboden\" data-secret=\"RLOIAhaTQe\" frameborder=\"0\" marginwidth=\"0\" marginheight=\"0\" scrolling=\"no\" class=\"wp-embedded-content\"><\/iframe><script type=\"text\/javascript\">\n\/*! This file is auto-generated *\/\n!function(c,d){\"use strict\";var e=!1,o=!1;if(d.querySelector)if(c.addEventListener)e=!0;if(c.wp=c.wp||{},c.wp.receiveEmbedMessage);else if(c.wp.receiveEmbedMessage=function(e){var t=e.data;if(!t);else if(!(t.secret||t.message||t.value));else if(\/[^a-zA-Z0-9]\/.test(t.secret));else{for(var r,s,a,i=d.querySelectorAll('iframe[data-secret=\"'+t.secret+'\"]'),n=d.querySelectorAll('blockquote[data-secret=\"'+t.secret+'\"]'),o=new RegExp(\"^https?:$\",\"i\"),l=0;l<n.length;l++)n[l].style.display=\"none\";for(l=0;l<i.length;l++)if(r=i[l],e.source!==r.contentWindow);else{if(r.removeAttribute(\"style\"),\"height\"===t.message){if(1e3<(s=parseInt(t.value,10)))s=1e3;else if(~~s<200)s=200;r.height=s}if(\"link\"===t.message)if(s=d.createElement(\"a\"),a=d.createElement(\"a\"),s.href=r.getAttribute(\"src\"),a.href=t.value,!o.test(a.protocol));else if(a.host===s.host)if(d.activeElement===r)c.top.location.href=t.value}}},e)c.addEventListener(\"message\",c.wp.receiveEmbedMessage,!1),d.addEventListener(\"DOMContentLoaded\",t,!1),c.addEventListener(\"load\",t,!1);function t(){if(o);else{o=!0;for(var e,t,r,s=-1!==navigator.appVersion.indexOf(\"MSIE 10\"),a=!!navigator.userAgent.match(\/Trident.*rv:11\\.\/),i=d.querySelectorAll(\"iframe.wp-embedded-content\"),n=0;n<i.length;n++){if(!(r=(t=i[n]).getAttribute(\"data-secret\")))r=Math.random().toString(36).substr(2,10),t.src+=\"#?secret=\"+r,t.setAttribute(\"data-secret\",r);if(s||a)(e=t.cloneNode(!0)).removeAttribute(\"security\"),t.parentNode.replaceChild(e,t);t.contentWindow.postMessage({message:\"ready\",secret:r},\"*\")}}}}(window,document);\n<\/script>\n","thumbnail_url":"https:\/\/nadine-imboden.ch\/wp-content\/uploads\/2014\/11\/MedienNacht-2016-1024x553.jpg","thumbnail_width":1024,"thumbnail_height":553,"description":"Ein Ball der Solidarit\u00e4t Bereits zum dritten Mal wurde von einer mehrk\u00f6pfigen Jury ein neuer Medienstar gek\u00fcrt. \u00dcber 600 G\u00e4ste waren dabei, als an der 85. Mediennacht\u00a0Susanne Wille mit dem 3. \u00abMedienStar\u00bb-Award geehrt wurde. Damit ist Susanne Wille die erste Frau, die diesen Preis entgegennehmen darf. Die Schweizer Journalistin und Moderatorin wurde insbesondere f\u00fcr ihren [&hellip;]"}

Ein Ball der Solidarität Bereits zum dritten Mal wurde von einer mehrköpfigen Jury ein neuer Medienstar gekürt. Über 600 Gäste waren dabei, als an der 85. Mediennacht Susanne Wille mit dem 3. «MedienStar»-Award geehrt wurde. Damit ist Susanne Wille die erste Frau, die diesen Preis entgegennehmen darf. Die Schweizer Journalistin und Moderatorin wurde insbesondere für ihren [&hellip;]
